679.
1001
Calculate the remainder when 7044230 is divided by 41.
20
What is the remainder when 104875 is divided by 52430?
15
Calculate the remainder when 34546165 is divided by 4.
1
Calculate the remainder when 369799 is divided by 369677.
122
What is the remainder when 3528343 is divided by 168?
7
What is the remainder when 1452329 is divided by 12480?
4649
What is the remainder when 969262349 is divided by 210?
209
Calculate the remainder when 5415177 is divided by 23647.
14
What is the remainder when 17655785 is divided by 118?
35
What is the remainder when 433887 is divided by 87?
18
Calculate the remainder when 848104 is divided by 111.
64
Calculate the remainder when 2283837 is divided by 110.
17
Calculate the remainder when 245883 is divided by 695.
548
What is the remainder when 3147879 is divided by 106?
103
Calculate the remainder when 21713035 is divided by 4.
3
Calculate the remainder when 91603 is divided by 30430.
313
Calculate the remainder when 397670 is divided by 66273.
32
What is the remainder when 18868 is divided by 758?
676
Calculate the remainder when 395219 is divided by 1165.
284
What is the remainder when 406714 is divided by 169?
100
Calculate the remainder when 13762 is divided by 1783.
1281
What is the remainder when 3089629 is divided by 19804?
205
What is the remainder when 6728288 is divided by 21?
14
What is the remainder when 1050394 is divided by 1896?
10
What is the remainder when 2467952 is divided by 417?
146
What is the remainder when 164163655 is divided by 597?
595
Calculate the remainder when 4837907 is divided by 19.
13
Calculate the remainder when 105612 is divided by 25971.
1728
What is the remainder when 913530 is divided by 936?
930
What is the remainder when 5127136 is divided by 5007?
4975
What is the remainder when 624697 is divided by 20?
17
Calculate the remainder when 3317 is divided by 2204.
1113
What is the remainder when 82149267 is divided by 1882?
1849
Calculate the remainder when 354488 is divided by 59064.
104
What is the remainder when 28134870 is divided by 13?
10
Calculate the remainder when 9694053 is divided by 91.
5
What is the remainder when 15694370 is divided by 855?
845
Calculate the remainder when 311821087 is divided by 17.
15
Calculate the remainder when 73346 is divided by 160.
66
What is the remainder when 80293 is divided by 79188?
1105
Calculate the remainder when 3871569 is divided by 427.
387
What is the remainder when 150355 is divided by 150333?
22
Calculate the remainder when 926208 is divided by 8821.
3
Calculate the remainder when 14161955 is divided by 2832390.
5
What is the remainder when 5748177 is divided by 318?
9
What is the remainder when 18363754 is divided by 1284?
1270
What is the remainder when 50335 is divided by 50299?
36
What is the remainder when 133838 is divided by 133323?
515
Calculate the remainder when 1388036 is divided by 215.
211
What is the remainder when 489072 is divided by 488050?
1022
Calculate the remainder when 2754962 is divided by 9839.
42
What is the remainder when 29615 is divided by 491?
155
What is the remainder when 219824 is divided by 219256?
568
Calculate the remainder when 11187293 is divided by 129.
26
What is the remainder when 15324662 is divided by 702?
2
What is the remainder when 616522 is divided by 3878?
3798
Calculate the remainder when 47334 is divided by 123.
102
What is the remainder when 1040947 is divided by 688?
3
Calculate the remainder when 5224 is divided by 212.
136
Calculate the remainder when 35195 is divided by 2817.
1391
Calculate the remainder when 6923 is divided by 1029.
749
What is the remainder when 208261937 is divided by 390?
377
Calculate the remainder when 112710 is divided by 155.
25
What is the remainder when 163784 is divided by 195?
179
What is the remainder when 4422537 is divided by 1556?
385
What is the remainder when 11139017 is divided by 3857?
1
What is the remainder when 1247928 is divided by 24464?
264
Calculate the remainder when 2122409 is divided by 6471.
6392
Calculate the remainder when 3260600 is divided by 623.
441
What is the remainder when 103993062 is divided by 13415?
13397
What is the remainder when 11812705 is divided by 159631?
11
Calculate the remainder when 21917 is divided by 21869.
48
What is the remainder when 62987 is divided by 13?
2
Calculate the remainder when 1053068 is divided by 32.
12
What is the remainder when 3420507 is divided by 29?
15
Calculate the remainder when 478821 is divided by 79794.
57
What is the remainder when 1464120 is divided by 586?
292
What is the remainder when 665478 is divided by 11?
0
What is the remainder when 1080839 is divided by 1068?
23
Calculate the remainder when 289378 is divided by 289346.
32
What is the remainder when 23854 is divided by 1676?
390
Calculate the remainder when 1081990 is divided by 360295.
1105
Calculate the remainder when 4418976 is divided by 1268.
1264
Calculate the remainder when 1843075939 is divided by 724.
723
What is the remainder when 3086495 is divided by 7079?
51
Calculate the remainder when 562520 is divided by 1267.
1239
What is the remainder when 82930 is divided by 11764?
582
What is the remainder when 1126694 is divided by 375555?
29
What is the remainder when 309365287 is divided by 28?
7
Calculate the remainder when 21091450 is divided by 785.
70
Calculate the remainder when 870918 is divided by 695.
83
What is the remainder when 916392 is divided by 115?
72
Calculate the remainder when 1675295 is divided by 84.
83
Calculate the remainder when 170093096 is divided by 363.
8
Calculate the remainder when 270021 is divided by 17946.
831
Calculate the remainder when 610304 is divided by 3722.
3618
What is the remainder when 15626 is divided by 15480?
146
Calculate the remainder when 131923538 is divided by 26384698.
48
Calculate the remainder when 1747405 is divided by 1824.
13
What is the remainder when 4896510 is divided by 256?
254
Calculate the remainder when 2590015749 is divided by 175.
174
What is the remainder when 1300210 is divided by 5?
0
What is the remainder when 433432194 is divided by 14?
6
What is the remainder when 18880323 is divided by 69?
60
Calculate the remainder when 1297048 is divided by 216169.
34
What is the remainder when 38985 is divided by 12760?
705
What is the remainder when 386442 is divided by 41964?
8766
What is the remainder when 22928515 is divided by 419?
416
What is the remainder when 7492516 is divided by 4311?
4309
What is the remainder when 4870150 is divided by 329?
292
What is the remainder when 125864 is divided by 41782?
518
Calculate the remainder when 1794063 is divided by 22708.
131
Calculate the remainder when 4035365 is divided by 92.
61
Calculate the remainder when 3886274 is divided by 129529.
404
What is the remainder when 94192 is divided by 60?
52
What is the remainder when 1376528 is divided by 1992?
56
What is the remainder when 90205 is divided by 4707?
772
Calculate the remainder when 1267993 is divided by 115269.
34
What is the remainder when 17728473 is divided by 8864227?
19
What is the remainder when 968026 is divided by 629?
624
What is the remainder when 133909 is divided by 4778?
125
Calculate the remainder when 25120 is divided by 6563.
5431
What is the remainder when 55724 is divided by 18215?
1079
What is the remainder when 180580 is divided by 4985?
1120
What is the remainder when 2234207 is divided by 16?
15
Calculate the remainder when 3580678 is divided by 511508.
122
Calculate the remainder when 8265903 is divided by 2755298.
9
Calculate the remainder when 1296284 is divided by 460.
4
Calculate the remainder when 22537200 is divided by 1024414.
92
What is the remainder when 561279 is divided by 9199?
140
What is the remainder when 2654696153 is divided by 12334?
12331
Calculate the remainder when 122563 is divided by 59483.
3597
Calculate the remainder when 3544502 is divided by 192.
182
Calculate the remainder when 79060848 is divided by 1429.
1423
Calculate the remainder when 291129 is divided by 145022.
1085
Calculate the remainder when 1268544 is divided by 1268099.
445
Calculate the remainder when 18419717 is divided by 18.
11
What is the remainder when 6995013 is divided by 13?
12
What is the remainder w